= -5*k + g, i*g = -5*k + 5*g + 6. Is v(k) prime?
True
Let o(h) = -174*h + 4. Let a be o(-4). Suppose -6*c + 4*c + 2*r + a = 0, -4*c - 2*r + 1382 = 0. Suppose 1242 = 5*j + c. Is j composite?
False
Let c(u) = 3*u**3 + 2*u**2 - 24*u - 26. Let i be (-2)/(-8) - 1222/(-104). Is c(i) a composite number?
True
Let d be 0/((24/(-6))/2). Suppose 16*y - 2*y - 22918 = d. Is y composite?
False
Suppose 4*k - 4*f = 48, 4*k - 9*k - f = -36. Suppose k*u - 43621 + 2989 = 0. Is u a prime number?
False
Suppose -2*u = -2*m - 2*m + 12, 0 = -2*m - u + 2. Is 7991 - (3 + (-9 - (m - 6))) composite?
False
Let o(b) = 5*b**3 + 3*b**2 + b - 2. Let c be o(-1). Let j(v) = 3*v + 5. Let i be j(c). Is 4/3*(-1 + (-1615)/i) a prime number?
False
Let t(y) = 2*y - 14. Let i be t(11). Is (0 + 653)/(i/40) prime?
False
Suppose -13816 - 25175 = -y + 2*g, 155971 = 4*y - g. Is y composite?
False
Let b = 47942 + 315653. Is b a prime number?
False
Let d be (-15)/(351/(-52) + 2 + 4). Is (50967/315)/(2/d) prime?
False
Let s be (-3 - 0)*11/3. Let k(y) = 38*y - 19. Let g(l) = -7*l. Let c(o) = -4*g(o) - k(o). Is c(s) a composite number?
True
Let s(a) = -4*a + 258 - 95 + 224 + 11*a**2 - 74. Is s(-36) prime?
True
Suppose 5*z = -5*f - 115, 4*z = -5*f - 0*z - 113. Let q be (-76248)/f - 3/(-21). Suppose -5*n - q = -14726. Is n prime?
False
Let c = -18546 - -45425. Is c prime?
True
Let v(a) = -13*a**3 - 2*a**2 - 12*a + 5. Let j be (-21)/(-28) - (3 + 0)/(-12). Suppose 19 = 4*f - j, 0 = -2*w - 4*f + 12. Is v(w) composite?
False
Suppose 0 = -w - 3*d + 10 + 7, -3*d = 5*w - 37. Suppose w*x = 11*x - 33546. Is x composite?
False
Is (-7)/(12 - 136933/11411) composite?
True
Let i = -4604 - -85947. Is i a composite number?
False
Suppose 13*q = -2*q + 43725. Let p = q - -15882. Is p a prime number?
True
Suppose -4*o + 1060757 = -3*d, -o - 162733 = 2*d - 427936. Is o a prime number?
True
Let l be (-10)/(-35) - (-342738)/77*1/3. Suppose 5*w = 5*o + 3*w - 33, -40 = -4*o + 5*w. Suppose -o*d = -d - l. Is d composite?
True
Let v(q) = 60*q**2 - 105*q + 379. Is v(-28) a prime number?
True
Let x(t) be the first derivative of 17*t**5/60 + 19*t**4/24 + 29*t**3/3 + 26. Let g(n) be the third derivative of x(n). Is g(6) prime?
True
Suppose -47*q = -38*q + 9495. Let w = -576 - q. Is w prime?
True
Suppose -3*s + 2*s = -11*s. Suppose -4*i + 1282 + 694 = s. Let n = 183 + i. Is n prime?
True
Let k be (45/(-10))/(-9)*49768. Suppose 4*s - k = j, 2*s - 2*j - 12444 = -j. Suppose s = 3*u + 7*u. Is u a composite number?
True
Is 2693180/5 + (-2)/(((-36)/(-6))/6) composite?
True
Suppose 1 = 3*w - 14. Let j be 6/8*-4 - 32808/(-8). Suppose -7*g = -w*g - j. Is g composite?
True
Suppose -118727 = 5*x - f, f - 47480 = 2*x + 6*f. Is x/3*(-9 - -8) a composite number?
True
Is (-11 + 9)*2/16 + (-43651257)/(-52) a composite number?
True
Suppose -5*z + 21*b = 19*b + 3064, 2*b - 608 = z. Let j = 5995 + z. Is j prime?
True
Suppose 640*r - 357182750 = 104*r + 207900074. Is r a prime number?
True
Suppose -41800 = 14*f - 369918. Is f composite?
True
Let r(k) = 38 - 6 + 296*k + 130*k + 235*k + 48. Is r(9) composite?
False
Suppose 56 = 13*k + 147. Is (-28514)/k - (-36)/(-84) prime?
True
Let m(z) = 466*z - 33. Is m(4) composite?
False
Let j = 36720 - 25530. Suppose j = 10*r - 6*r - t, 2*r + t = 5598. Is r composite?
True
Let p = -452686 - -768959. Is p a prime number?
False
Let r(k) = 29*k**3 + 4*k**2 - 58*k - 19. Is r(18) a composite number?
False
Suppose -42046 = -4*r + 3*a, 0 = r + 4*a - 13533 + 3012. Is r a composite number?
False
Let t be 12*2 - (-2 + (-18)/(-9)). Is (-35134)/(-8) + 174/t + -8 prime?
True
Suppose 5*c + 27 = m + 351, 4*m + 4*c + 1344 = 0. Suppose 0 = -5*w + 7345 - 2170. Let g = w + m. Is g a composite number?
False
Suppose 0 = -19*s - 96*s + 36717439 + 46553716. Is s prime?
False
Let x be 8 + (5 - 0 - (4 - 1)). Suppose x*q + 41 = 351. Is q composite?
False
Suppose -23*z + 2471197 = -4*z. Is z a composite number?
True
Suppose -3*w - 6*n + 2*n = -26, -3*w = -n - 1. Let m(o) = 86*o - 31. Let c be m(10). Is w/4*(c - -1) composite?
True
Suppose -3*w + 10 + 19 = 2*i, -3*i + 2*w = -76. Let s = 36 - i. Is (1 + 1)*5453/s composite?
True
Let d(s) be the second derivative of -493*s**3/3 + 35*s**2/2 - 3*s - 2. Is d(-4) a prime number?
False
Suppose -20 = -4*f, 3*f - 480 - 57 = -3*m. Let s = 1785 - 962. Suppose -w = -s + m. Is w prime?
False
Is 9313 + (-182)/(-1729) + 154/(-19) a prime number?
False
Suppose 7*c - 3*s = 5*c + 72869, 0 = c - 4*s - 36437. Is c a composite number?
False
Let s be (-24)/9*(-24)/4. Let f = s - 12. Suppose -16 = f*j, 280 = v - j - 131. Is v composite?
True
Let m = 276 + -271. Let a(d) = 271*d**2 - 2*d + 8. Is a(m) prime?
False
Let g = -48 + 44. Let y be (48/(-5) + -4)/(g/(-870)). Let r = 4357 + y. Is r a prime number?
True
Let d be (-2 - 0)*(-3 + 2). Suppose 3*l - 6*l = d*p - 5791, 5*l + 3*p - 9652 = 0. Is l composite?
False
Suppose 14*x - 9*x = 48090. Suppose 1237 + x = 13*o. Is o a composite number?
True
Let l be -1*(-19 - (-4 + 5)). Let q = 19 - l. Is 10/5*q - -675 prime?
True
Suppose 4*w + 223440 + 2923 = q, -3*w + 27 = 0. Is q prime?
False
Let d be (0 + 405/2)*6/3. Let o = d + -24. Is o a composite number?
True
Suppose 0 = 17*n - 8*n - 6318. Suppose 0 = -7*g + g + n. Suppose r = -g + 566. Is r a prime number?
True
Suppose -98*j + 5802096 = -35708842. Is j a composite number?
False
Let p = 48 - 21. Suppose -p*c + 17*c = -13610. Is c prime?
True
Let l = -12362 - -12769. Is l a composite number?
True
Let w = 50 - 30. Suppose 321 = 17*x - w*x. Let l = 196 + x. Is l prime?
True
Suppose -208*j + 79*j - 168*j + 17536959 = 0. Is j prime?
False
Suppose -11*v + 0 + 0 = 0. Suppose 12*p - 11*p - 1201 = v. Let w = p + -528. Is w a composite number?
False
Let t(s) = s**2 + 8*s + 40. Let a be t(-14). Let w = a + -18. Is w a prime number?
False
Let j(c) = 71232*c + 11. Is j(1) a composite number?
True
Let v be 240/(-56)*(-1 + 8). Let l be (3820/v)/(2/(-3)). Suppose -1301 = -4*m + l. Is m prime?
True
Suppose -20*f + 15*f + 25 = 0. Let j be 4/(-10) + 197/f. Let t = j + 38. Is t a composite number?
True
Let l = 153989 + -61966. Is l prime?
False
Suppose 2*b + 20 - 12 = 4*c, c = -5*b + 24. Suppose 0 = -c*h + 3*k + 2024, 2*k - 250 = -h + 245. Is h prime?
True
Suppose 0 = -234*n - 25819626 + 31275324 + 46471008. Is n composite?
False
Let h(d) be the second derivative of -223*d**3/6 - 6*d**2 + 49*d. Let w(i) = 447*i + 23. Let x(q) = 5*h(q) + 2*w(q). Is x(-3) composite?
True
Suppose -88578 = -4*p - 2*v, 5*v = -3*p - 28864 + 95280. Is p composite?
False
Is (((-50696292)/24)/(-29))/((-2)/(-2 + -2)) a composite number?
False
Let i(y) = 28*y + 226. Let v be i(-8). Is v + 17734/8 - (-56)/224 a prime number?
False
Let u = -2904 + 4899. Let h = 22622 - u. Is h a composite number?
False
Let g = -3294 + 14123. Let r = g + -4848. Is r composite?
False
Let q be (3 + -7)/(-4) - (1 - 2). Suppose q*t - 7487 = 7*m - 10*m, 4*t + 4*m = 14968. Is t a prime number?
True
Suppose 34 = q + 5*a, 2*q + 5*a = 6*a + 46. Suppose -q*u = -17*u - 12313. Is u composite?
False
Suppose 0 = -29*y + 1527955 + 843259. Is y a composite number?
True
Let i = 258 - 248. Suppose -i = -2*s, -4*u + 9*u - 11210 = -5*s. Is u a composite number?
False
Let d = 151285 - -336834. Is d composite?
False
Suppose 30 = 6*s - 0. Suppose -2*i - 2*b - b = -3043, 0 = s*i - 3*b - 7576. Is i prime?
False
Let g(l) = -2 - l + 0*l + 29804*l**3 - 1064*l**3 - 3979*l**3 + 5*l - 2*l**2. Is g(1) a prime number?
False
Let f(p) = 68*p**3 - 2*p**2 - 7*p + 48. Is f(10) composite?
True
Suppose -10*f - 22 = 68. Is 1405 - (5 + 6 + f) composite?
True
Let k = -80713 + 154643. Let d = k - 47171. Is d prime?
True
Suppose -349*r + 351*r - 2960 = 3*f, 0 = 2*r + 3*f - 2924. Is r a prime number?
True
Suppose 233278941 = 428*s - 371*s. Is s a prime number?
False
Let y(i) = -i**3 + 8*i**2 + 11*i - 10. Let g(n) = n**2 + 1. Let c(s) = g(s) + y(s). Let m be c(10). Let d(a) = 553*a - 2. Is d(m) composite?
True
Suppose 12*o = o - 13*o - 36504. Let l(m) = -m**2 - m + 3095. Let h be l(0). Let a = o + h. Is a composite?
True
Let d be (1 + (-6)/2)*8*-1. Let o(z) = 1 + 1 + d*z - 7*z + 16*z. Is o(5) composite?
False
Let b be (-3)/8 + (-8177961)/(-152). Suppose 2*c - 8*w = -9*w + 26900, -b = -4*c - w. Is c composite?
False
Suppose -